= m - 4 - 1. Let v(p) = -59*p - 8. Let q(n) = -39*n - 5. Let g(a) = m*v(a) - 7*q(a). Is g(-6) a composite number?
False
Let z(q) be the second derivative of -q**5/20 - 3*q**4/4 - 4*q**3/3 + 41*q**2/2 - 30*q. Is z(-10) a composite number?
True
Is (-2864)/32*-11*2 prime?
False
Suppose 0 = 2*r - 2*d + 3*d - 3, 0 = 2*r + 3*d + 7. Suppose 22 = -3*j - k, r*j + 8 = 4*k - 0. Is j/2 - -20*2 a prime number?
True
Let n be (-282)/(-90) + (-2)/15. Is (0 - -6 - n) + (1649 - 3) composite?
True
Let v(f) = -8*f**3 + 15*f**2 + 23. Is v(-10) a composite number?
True
Suppose -4*a = a - 2*x - 50, -4*x - 12 = a. Suppose 4*q - a*f - 1022 = -3*f, 3*q = 5*f + 769. Is q a composite number?
True
Suppose 12231 = -7*c - 18653. Let g = c + 7653. Is g a prime number?
False
Let f(v) = 889*v - 45. Is f(4) composite?
False
Suppose 4*z + h = -3, -z + 12 = -4*h - 0. Suppose z = 9*f - 7*f - 8. Is 3 - -46 - 12/f a prime number?
False
Suppose -2*s + d + 37560 = 0, -2*s + 0*d + 3*d = -37552. Is s a prime number?
False
Suppose -4*j - 2*j = -24. Suppose -4270 = -j*l - 6*l. Is l a prime number?
False
Let p = 63 + 137. Suppose -6*l + p = -l - 3*i, -4*l = -4*i - 152. Is l composite?
False
Let f(j) be the second derivative of -3/2*j**3 - 1/12*j**4 + 0 - 2*j**2 + 4*j. Is f(-7) a composite number?
True
Is 12/(-8)*197626/(-39) prime?
False
Suppose -4*f = 0, 7*c - 60 = 4*c + 5*f. Let a be (-2)/(-10) - (-3556)/c. Suppose 0 = 3*p - p - a. Is p prime?
True
Suppose 6 = 7*z - 4*z. Suppose -6*r + 21784 = z*r. Is r a prime number?
False
Let o = -18 - -35. Suppose 2*q + 0*h - o = 3*h, q = 4*h + 11. Suppose -8*t + q*t + 215 = 0. Is t a prime number?
False
Is (-33844)/(-12) - 12/9 a composite number?
False
Suppose -2*w + 0*w + 17 = -n, 2*n = -w + 1. Suppose w*p - 8826 = p. Is p prime?
True
Let w(d) = -6 - 7*d - 8 + 3*d - 1. Is w(-18) a prime number?
False
Let q = 8 - -19. Suppose 3 = -r - q. Is (-62)/(-6) - (-10)/r prime?
False
Let z(r) = -1097*r - 36. Is z(-5) a prime number?
True
Let x = -22 - -65. Suppose -5*j - 5*w = -2*j - 112, j - x = 4*w. Is j composite?
True
Suppose 117*i - 4611 = 114*i. Is i prime?
False
Let f(v) = v**3 + 6*v**2 + 3*v + 13. Let c(l) = -5*l + 24. Let i be c(6). Let u be f(i). Let y(g) = -117*g - 20. Is y(u) a composite number?
True
Let n = 2593 + 1716. Is n a prime number?
False
Let a(g) = 15*g**2 + 29*g - 13. Let m(l) = 7*l**2 + 14*l - 7. Let s(x) = -6*a(x) + 13*m(x). Let i be s(-11). Let w = i - -57. Is w a composite number?
True
Suppose b + 4 = -b. Let n be 6666/12 - 1/b. Suppose -5*a + n + 979 = 0. Is a prime?
True
Let w = -153 - -240. Let s(f) = 4*f**2. Let n be s(1). Suppose -n*x + 125 = -w. Is x prime?
True
Let d = 253 - -5248. Is d composite?
False
Suppose 6*a = 15*a - 18909. Is a composite?
True
Suppose -882 = -3*v - 6045. Let w = v + 2980. Is w a prime number?
True
Suppose -q = 2*y - y - 232, -3*y = -3*q - 690. Let c = y + -37. Is c a prime number?
False
Let g = -17 + 10. Let n(y) = -84*y - 35. Is n(g) a composite number?
True
Let l(b) = -453*b + 49. Is l(-4) a composite number?
False
Suppose -t = -9*t + 56. Let q(a) = 72*a - 7. Is q(t) a prime number?
False
Let m(z) = -5*z**3 - 8*z**2 - 9*z - 89. Is m(-13) a prime number?
True
Let n(p) = 12*p**2 + 14*p + 40*p**2 - 17*p - 3. Let h be n(-2). Is (h/(-2))/(22/(-44)) a composite number?
False
Is -5*(-6)/(-5) - (5 + -6802) a composite number?
False
Let r(j) = 300*j**3 - j + 1. Let z(g) = g**3 + 4*g**2 - 4*g + 6. Let l be z(-5). Let p be r(l). Let s = p + -157. Is s prime?
False
Let u(k) = 26*k**2 + 5*k + 2. Let z = -6 + 2. Let h be u(z). Suppose -h = -2*p - 0*p. Is p a prime number?
True
Suppose -3*m + 18 = 3. Suppose 169 = -m*q + 6*q. Is q prime?
False
Let l(z) = 41*z - 570. Is l(49) a prime number?
True
Let c(i) = 2075*i**2 + 421*i - 1. Is c(4) a composite number?
False
Suppose w - 3*w = c - 6, -4*c - 3*w + 9 = 0. Suppose c*z = 5*z + 4*f - 4008, -5*f = -5*z + 4035. Let n = z - 433. Is n a composite number?
True
Let m(b) = -2*b + 14. Let o be m(6). Suppose 6 = -o*z + 3*z. Suppose -p = z*c - 3*c - 50, 0 = -2*p - 5*c + 103. Is p a prime number?
True
Let t(n) = -n**3 - 2*n**2 - 7*n - 10. Let f be t(-5). Let w(q) = q**2 + q + 7. Let x be w(-5). Let b = f + x. Is b composite?
False
Let g = -14 - -9. Is (10/g)/((-2)/38) prime?
False
Let a(d) = 41*d**2 - 5*d + 3. Let b(p) = -p - 6. Let q be b(-2). Is a(q) a prime number?
False
Suppose -3*q + 3*b = -1221, b - 1256 = -3*q - 3*b. Suppose a = -3*a + q. Let y = -29 + a. Is y a prime number?
False
Let g(d) = -8*d**3 + 3*d**2 - 11*d - 9. Let b be g(-4). Let t = b - 258. Is t prime?
True
Let j(z) = 1983*z + 160. Is j(3) a composite number?
True
Is 4/5 - (-2 - 9423/15) composite?
False
Is (25741/6 - (-1)/3)*2 prime?
True
Suppose 16*q - 8 - 504 = 0. Suppose 25 = -4*g + 929. Suppose g + q = 3*t. Is t a composite number?
True
Suppose -30 = 4*h - 62. Let u(y) = -y - 5. Let o be u(0). Is (0 + o)*(h - 19) composite?
True
Is 4 + -9 + 4 + 9 - -13989 composite?
False
Let y(l) be the third derivative of -l**6/120 + 11*l**5/60 - l**3/6 - l**2. Suppose 2*b - 33*q + 35*q - 14 = 0, -b + 9 = -q. Is y(b) composite?
False
Is (-2)/(-8) + (6 - 29848/(-32)) a prime number?
False
Suppose -g = 3*t - 7434, -t + 2*t - 2465 = 4*g. Is t a prime number?
True
Let j(r) = -2*r**2 + 4*r - 1. Let y be j(3). Let l(p) = -22*p + 2. Let c be l(y). Let n = 283 - c. Is n a composite number?
False
Let t(l) = -l**2 + 5*l - 4. Let m be t(3). Suppose m*v = v + 601. Suppose 4*w + 8 = 0, 5*x - v = -w + 4*w. Is x a composite number?
True
Let q = 11 - 9. Suppose -21 = -5*x - q*f, -4*x - x + 4*f + 3 = 0. Suppose -2*n = -0*l - 3*l - 233, -9 = -x*l. Is n prime?
False
Let w(s) be the first derivative of s**3/3 - s**2 + 4*s + 1. Let y be w(2). Suppose 4*i = r - 3*r + 22, y*i = -5*r + 13. Is i a prime number?
True
Suppose 791 = -7*r + 8*r. Is r a prime number?
False
Suppose 60*t - 33077 = 113143. Is t composite?
False
Let q be 4/(-10) - 63/(-45). Is 12/(-30) - q/(-5)*287 a prime number?
False
Let p(t) = -158*t + 137. Is p(-10) composite?
True
Let c = -17 - -21. Is -7*-41*(c + -3) prime?
False
Let c = 19 + 11. Is 26674/c + (-16)/120 composite?
True
Let d(i) = 155*i**2 - 256*i + 15. Is d(10) prime?
False
Let a(c) = -2927*c + 4. Let d be a(-3). Suppose -4*i + 5941 = 3*o + 670, 5*o - 4*i = d. Is o a composite number?
True
Suppose 0 = 5*c - 0*c - 5*g - 14825, 2*c - 5*g = 5936. Is c a prime number?
True
Let r be -2*(357/6)/(-7). Suppose 6*i - r*i = -8734. Is i a prime number?
False
Let l be 1510/7 - (-16)/56. Suppose 0 = -3*w + 4*w - l. Let b = -113 + w. Is b prime?
True
Let b = 7224 + -4318. Is b a prime number?
False
Let n = -20 - -17. Let u be ((-256)/n)/(8/(-36)). Let x = 59 - u. Is x a prime number?
True
Let h = -15 + 19. Suppose -h*w + s + 1997 = 0, -s = -2*w - 3*s + 996. Is w prime?
True
Let i(k) = 4 - k - 1 - 2*k + k**3 - 3*k**3. Let r be i(-4). Suppose -4*c - r = -787. Is c prime?
False
Suppose -6*u - 40 = -u - 4*x, -x = u + 17. Let m = -8 - u. Suppose 3*i - i = -m*l + 130, -2*l + 230 = 4*i. Is i a composite number?
True
Is (-1381)/(7/(-14)*(6 + -4)) prime?
True
Let v be 0 - (-6)/9*3. Suppose 5*p - v*p - 603 = 0. Is p a prime number?
False
Let i = 8869 - 5372. Is i prime?
False
Suppose -3*g = -5*m - 209 - 15242, -8*g - 5*m + 41166 = 0. Is g prime?
True
Suppose 0 = 2*w + 9 - 1, -x - 5*w = 294. Let g = 36 - x. Suppose 2*t - 2*o - g = o, 4*t = o + 600. Is t a prime number?
True
Let y = 544 - 35. Is y a composite number?
False
Let n be ((-20)/1)/(1/(-3)). Suppose 0 = -4*r - 8, 5*g - r + 188 = n. Let b = 81 + g. Is b a prime number?
False
Is ((-185140)/(-6))/((-16)/(-24)) prime?
False
Suppose 0 = 2*q - 5*o - 18473, -3*q + 27721 = 17*o - 13*o. Is q a prime number?
True
Let n(w) = 0*w + 76*w**2 + 28*w**2 + 1 - 3*w. Let q be n(2). Suppose -2*h - q = -5*a - 3*h, 5*h = -5*a + 415. Is a composite?
True
Suppose -5*u - 55 = 3*o + 77, 16 = -4*o. Is ((-2)/(-3))/(u/(-174060)) composite?
True
Let d(m) = 0*m + 3*m**2 + m**2 + 0 - 5*m - 4. Suppose -2*g = -4*g + 10. Is d(g) a composite number?
False
Suppose 3*a - 550 - 8891 = 0. Let s = a - 1676. Is s prime?
True
Let g be 1 - (-1)/(-2)*-4. Suppose -3*v - 17 = -4*v - g*t, 4*t - 10 = 5*v. Suppose -v*o + 6*o - 2*s - 154 = 0, 0 = -2*s - 6. Is o composite?
False
Let m(y) = -120*y**3 + 2*y**2 - y - 2. Let 